Is 2335341611 a composite number?
False
Is 69823997 a prime number?
False
Is 2314498603 a composite number?
False
Is 577635619 composite?
True
Is 50563721305 composite?
True
Is 13921122889 prime?
True
Is 6261678547 composite?
True
Is 3677709493 prime?
True
Is 515504503 a prime number?
False
Is 6168814139 a composite number?
False
Is 63702615023 a composite number?
False
Is 41896161919 a composite number?
False
Is 44354702129 a prime number?
True
Is 23728121 composite?
True
Is 275529691 a prime number?
False
Is 3990425107 a prime number?
True
Is 862788205 a composite number?
True
Is 25675183 prime?
True
Is 143286458015 prime?
False
Is 70443213899 composite?
False
Is 5719989367 a composite number?
True
Is 961253213 composite?
True
Is 412228429 a prime number?
True
Is 3318067663 a prime number?
True
Is 2270277103 a prime number?
True
Is 291788759 a composite number?
True
Is 638168647 composite?
False
Is 6061009417 composite?
True
Is 431875357 prime?
False
Is 1246723519 prime?
True
Is 419190413 composite?
False
Is 69267945869 prime?
False
Is 10459500407 composite?
False
Is 30982394995 a composite number?
True
Is 420336583 composite?
False
Is 43006547 prime?
True
Is 11410001611 composite?
False
Is 4471145677 prime?
True
Is 4068085447 composite?
True
Is 33549494383 composite?
True
Is 9234862291 prime?
True
Is 3953551253 a composite number?
False
Is 8334446551 a composite number?
False
Is 9614795317 prime?
False
Is 9998283769 a composite number?
True
Is 647825799 composite?
True
Is 5955026639 composite?
True
Is 22642101551 a composite number?
True
Is 12095672977 a prime number?
True
Is 3206053853 prime?
False
Is 1358994457 a composite number?
True
Is 3347171483 a composite number?
True
Is 441706819 a composite number?
False
Is 1970987449 prime?
True
Is 2359737997 a prime number?
True
Is 1261065238 prime?
False
Is 20061489191 a composite number?
True
Is 2628959569 composite?
True
Is 897031281 a prime number?
False
Is 1909170469 composite?
True
Is 14846140457 prime?
True
Is 1077385901 a composite number?
True
Is 6056973973 a composite number?
False
Is 187559023 prime?
True
Is 322067743 a composite number?
False
Is 38469106157 prime?
False
Is 273719861 prime?
False
Is 17333470577 a prime number?
True
Is 336752839 a composite number?
True
Is 3186802819 prime?
True
Is 342919273 composite?
False
Is 6350051683 prime?
False
Is 8434333637 a composite number?
True
Is 20666871839 a prime number?
True
Is 788529943 a prime number?
False
Is 117256301459 a prime number?
False
Is 7100485589 composite?
False
Is 5020936913 prime?
True
Is 180861643 prime?
False
Is 188691887 a prime number?
False
Is 94244082461 a prime number?
True
Is 1602086691 prime?
False
Is 2471113717 a composite number?
False
Is 116878491803 composite?
False
Is 11569429787 a composite number?
True
Is 5406723193 a prime number?
False
Is 3178791133 prime?
False
Is 5356632907 a composite number?
True
Is 5682021413 a composite number?
False
Is 15792962 a prime number?
False
Is 7229850649 a prime number?
False
Is 389196287 composite?
True
Is 7372037 a prime number?
True
Is 19280188033 a composite number?
True
Is 8306020967 composite?
True
Is 1379407537 prime?
True
Is 11265202103 composite?
False
Is 4737059237 a prime number?
True
Is 3509892691 prime?
True
Is 3904992961 a prime number?
False
Is 61961606087 composite?
False
Is 7794022529 a composite number?
True
Is 2443433693 a composite number?
False
Is 16258910485 prime?
False
Is 919187447 a prime number?
True
Is 276955567883 a prime number?
True
Is 429787463 prime?
False
Is 933382979 composite?
True
Is 20986893911 a prime number?
False
Is 2294871893 a composite number?
False
Is 597702311 composite?
True
Is 773780459 a prime number?
True
Is 548640481 composite?
False
Is 23655913157 composite?
False
Is 9853837603 a composite number?
False
Is 22586464309 a composite number?
True
Is 158148288001 a composite number?
True
Is 41685512889 a prime number?
False
Is 21306404611 prime?
True
Is 24936914 prime?
False
Is 587672279 prime?
True
Is 122732033 a composite number?
False
Is 15344615849 a prime number?
True
Is 86347069 a composite number?
False
Is 21173153 prime?
False
Is 9852753539 a composite number?
False
Is 1685673313 composite?
True
Is 67755594251 prime?
True
Is 1327280419 a prime number?
False
Is 1811507231 composite?
False
Is 8715619513 composite?
True
Is 1356184253 a composite number?
True
Is 6124623293 prime?
True
Is 88210601 a composite number?
True
Is 118766003 prime?
True
Is 53918608453 prime?
False
Is 320714615209 a composite number?
False
Is 9059296507 a composite number?
False
Is 23398950181 prime?
False
Is 587354659 a composite number?
False
Is 3587406539 composite?
False
Is 138136906991 a prime number?
True
Is 14398667083 a composite number?
False
Is 322059233 a composite number?
False
Is 827501795 a composite number?
True
Is 26791091 a composite number?
False
Is 2990698541 prime?
True
Is 266634224753 a prime number?
False
Is 31983746299 composite?
False
Is 831935659 a composite number?
False
Is 296326091 a prime number?
True
Is 1288695545 composite?
True
Is 5763278441 composite?
False
Is 26030950037 prime?
False
Is 121128701 a composite number?
False
Is 8625709121 composite?
True
Is 8818230137 composite?
False
Is 79244402529 composite?
True
Is 32249727113 a composite number?
True
Is 709392467 a composite number?
True
Is 1529070649 a prime number?
True
Is 168504869 prime?
False
Is 3038921111 prime?
False
Is 37364942981 composite?
False
Is 308606069 a prime number?
False
Is 10330687949 a composite number?
False
Is 230709203 a prime number?
True
Is 37074939151 a composite number?
False
Is 7722037799 prime?
False
Is 1757796697 a composite number?
False
Is 1766928613 composite?
False
Is 18229344207 composite?
True
Is 1258020851 a prime number?
True
Is 248694656071 a composite number?
True
Is 919162333 composite?
False
Is 7846729633 composite?
True
Is 121305377 a prime number?
False
Is 36401867329 composite?
False
Is 237067717 prime?
True
Is 1977923741 a composite number?
False
Is 26744143 a prime number?
True
Is 135627677 composite?
False
Is 1016837273 composite?
False
Is 13604769665 composite?
True
Is 2674179733 a composite number?
False
Is 11369885557 a prime number?
True
Is 10952289079 a prime number?
True
Is 38718940353 composite?
True
Is 48803775829 prime?
True
Is 10711234951 a prime number?
True
Is 110856587 prime?
False
Is 73063357 a prime number?
True
Is 12091974343 a prime number?
False
Is 103076965 a prime number?
False
Is 51579149133 prime?
False
Is 27706832987 a composite number?
True
Is 2474699347 composite?
False
Is 3189173747 a prime number?
True
Is 23543873 a composite number?
False
Is 2238307679 prime?
True
Is 1097686741 composite?
True
Is 1482116183 prime?
True
Is 12790149173 prime?
True
Is 4058296181 a prime number?
True
Is 267104687 a composite number?
False
Is 6826933105 a composite number?
True
Is 4784722783 a composite number?
True
Is 24043357003 composite?
False
Is 33368492549 composite?
True
Is 2168634551 a prime number?
True
Is 28437651673 composite?
False
Is 141187903163 a composite number?
False
Is 59400915397 prime?
True
Is 8026992179 composite?
False
Is 74256587 a composite number?
False
Is 1160030233 a composite number?
True
Is 443546689 a composite number?
False
Is 565330819 a composite number?
True
Is 525679079 composite?
True
Is 114306292073 a composite number?
False
Is 198424921 composite?
True
Is 4752352247 composite?
False
Is 24890745989 prime?
True
Is 1957580869 a composite number?
True
Is 3920121463 a composite number?
False
Is 1888961677 prime?
True
Is 16556708309 a prime number?
False
Is 18111643717 prime?
True
Is 335735141 a composite number?
True
Is 95543208269 composite?
False
Is 3526884091 a prime number?
True
Is 38593274567 a composite number?
False
Is 57837449 composite?
False
Is 1525991791 a prime number?
False
Is 435163571 prime?
True
Is 1603972915 prime?
False
Is 49060745087 a composite number?
True
Is 5527332611 a prime number?
True
Is 16707343469 a composite number?
False
Is 313086181 a prime number?
True
Is 15908046533 a prime number?
False
Is 6578885587 composite?
False
Is 125223499 prime?
True
Is 8465963087 a composite number?
True
Is 881267435 prime?
False
Is 8286425495 a prime number?